6). What is the tens digit of (-5)/p + (-2464)/(-12)?
0
Let d be -57 + 2698 + 6 + -1. Let f = d + -1691. What is the tens digit of f?
5
What is the thousands digit of (-7 - (-3 + 4))*5776/(-4)?
1
Let x(y) = y**3 - 11*y**2 + 4*y - 5. Let d be x(11). Let g = 38 - d. Let z(k) = 38*k**2 - 2*k - 1. What is the units digit of z(g)?
9
Let w = 431 - 421. Suppose 2705 = w*g - 3815. What is the hundreds digit of g?
6
Suppose -6*z = -12*z - 120. Let n be (-6)/(-15) - 172/z. Suppose 0 = -4*t + n*t - 550. What is the tens digit of t?
1
Let i be (-3)/((9/(-3093))/1). Let t = i - 717. What is the hundreds digit of t?
3
Suppose -2557 = -2*o + 5*j, o - 2567 = -o + 3*j. What is the tens digit of o?
9
Let l = 30 + -211. Let n = -18 - 86. Let h = n - l. What is the tens digit of h?
7
Suppose 3*u - 4*i + 5*i + 14 = 0, -u + 5*i = 10. What is the hundreds digit of (-2)/((-25112)/(-5024) + u)?
2
What is the tens digit of ((-7)/28*-12)/(3/223)?
2
Let x = 1202 - 1709. Let q = x + 879. What is the hundreds digit of q?
3
Let r = 186 - -789. What is the units digit of r + ((-27)/(-3) - 2)?
2
Let k be (3*(-85)/15)/(-1). Suppose 3*y = -k*y + 5280. What is the hundreds digit of y?
2
Suppose 5*r = -11*r + 23360. Suppose -11*s - r = -15*s. What is the hundreds digit of s?
3
Suppose -13*o + 2*j + 57 = -18*o, 2*o + 34 = 2*j. Let n(w) = w**2 + 5*w - 40. What is the units digit of n(o)?
4
Let f(p) = 2*p - 1. Let c(t) = 47*t + 7. Let o(g) = c(g) - 4*f(g). What is the hundreds digit of o(3)?
1
Suppose -4*r - 13*i = -8*i - 56884, -4*r + 2*i + 56912 = 0. What is the tens digit of r?
2
What is the thousands digit of (310/6 + 10/45*-3)*173?
8
Suppose -7*r + 15*z + 228316 = 16*z, 0 = 4*r + 5*z - 130453. What is the thousands digit of r?
2
Suppose 125 = -6*z + 161. Suppose -z*f + 6495 = 9*f. What is the units digit of f?
3
What is the ten thousands digit of (-4488636)/(-361) + 12/114?
1
Let b be (-2076)/(-6) + 4*(-2)/(-8). Suppose 4*u = 2*d + 1386, u - 10*d - b = -9*d. What is the tens digit of u?
4
Suppose 0 = 2*k + 5*z - 12, 0 = k + 7*z - 11*z + 7. What is the tens digit of (k - 5)*2*2127/(-24)?
0
Let f = -733 - -743. Suppose -f*g = -12905 - 3455. What is the units digit of g?
6
Let q = -421 + -98. Let v = 1078 + q. What is the hundreds digit of v?
5
Let c(h) = h**3 - 11*h**2 + 2*h + 2. Let q be c(11). Suppose 0 = -7*b + b + q. What is the hundreds digit of (b/(-2) - 0)*-82?
1
Let y(k) = 684*k**3 - 2*k**2 - 5*k - 2. Let x be y(-1). Let m = x - -1302. What is the tens digit of m?
1
Suppose -4*k = 5*b + 9 + 3, 5*k + 15 = 3*b. Suppose 0 = -b*h + h + 19. Let c = 111 + h. What is the tens digit of c?
9
Let o = 34961 - 24397. What is the thousands digit of o?
0
What is the units digit of (-3 + (-14977)/(-5))*(0/(-4) - -5)?
2
Let a = 15469 + -14250. What is the tens digit of a?
1
What is the hundreds digit of (-46335)/(-5) - (11 - 2)?
2
Let i be 5 - (18/(-6) + 6). Suppose b + 4*b = -i*w + 1199, 3*w - 5*b = 1736. What is the units digit of w?
7
Suppose -30 = -3*y - 4*f, -5*y + y + 3*f + 15 = 0. What is the tens digit of -5 + -7*(-85 + y)?
4
What is the tens digit of (366/671)/(2/1298)?
5
Let p(u) = 14*u + 62. Let x(a) = 2*a**3 + 5*a**2 - 4*a - 3. Let n be x(-3). What is the tens digit of p(n)?
6
Let z(a) = -a**3 - 14*a**2 - 13*a - 60. Let p be z(-14). Suppose -5*t = -3 - 7. Suppose -t*l = -96 - p. What is the tens digit of l?
0
Let o(n) = -n**3 + 2*n**2 + n - 6. Let d be o(-3). Suppose -d*b - 1740 = -42*b. What is the units digit of b?
0
Suppose 44*h - 2*m = 46*h - 7756, 0 = 2*h - 4*m - 7762. What is the units digit of h?
9
Suppose -9889 = -u - 2488. What is the tens digit of u?
0
Let a(y) = -y**3 - 6*y**2 - 7*y + 6. Let m be a(-3). Suppose -4*u - 3*c + 429 = 0, -3*u + 6*c - 4*c + 326 = m. What is the hundreds digit of u?
1
Suppose -10257 = -31*c - 2910. Suppose -19*g + c + 2822 = 0. What is the tens digit of g?
6
Suppose -s + 3540 = 4*m + 4*s, -2*m + 1788 = -2*s. Suppose -17*k + 22*k - m = 0. Let j = -105 + k. What is the units digit of j?
3
Let p(y) = y**2 + y - 8. Let x be p(-4). Let c(l) = l**3 - 8*l**2. Let f be c(8). Suppose f = j - x*j + 36. What is the units digit of j?
2
Let o(p) = 4*p - 2. Let m be o(2). Let b(r) = 6*r - 12 + 0 + 15 + r**2. What is the tens digit of b(m)?
7
Suppose -k + 4386 = 31*j - 26*j, k + 2*j - 4377 = 0. What is the tens digit of k?
7
Let q(w) = -w**3 - 12*w**2 + 47*w - 6. Let v be q(-13). Let k = v - -652. What is the units digit of k?
4
Suppose 0 = -5*c - 10 + 5, -d + 3*c = -22. Suppose 7*k = d*k - 3708. What is the hundreds digit of k?
3
Let l(n) = -6*n**2 + 3*n + 1. Let k be l(3). Let v = -206 - k. Let s = 307 + v. What is the tens digit of s?
4
Let n = -15 + 28. Let w = n + -17. Let p = 11 + w. What is the units digit of p?
7
Let x(l) = -51*l - 9. Let s(p) = 51*p + 11. Let c(t) = -3*s(t) - 4*x(t). What is the units digit of c(8)?
1
Suppose -x + 19 = 248. Let b = x - -339. What is the hundreds digit of b?
1
Suppose 3*k + k - 4 = -4*d, -5*d = -3*k + 19. What is the hundreds digit of (-1174)/k*(101 - 104)?
1
Let l(f) = -17 - 2*f**3 + 21 - 13 + 25*f - 3*f - 5*f**2. What is the units digit of l(-7)?
8
Let q be 4 + (-248)/(-16) + (-2)/(-4). What is the hundreds digit of 2532/7 - q/(-350)*5?
3
Suppose 6*m - 2111 = 1243. Let j = -320 + m. What is the hundreds digit of j?
2
Let t = -3531 - -12001. What is the hundreds digit of t?
4
Suppose -10*c + 4190 + 11413 = -3*c. What is the thousands digit of c?
2
Let r be (-8)/8*(1 - -4). Let m(f) be the second derivative of -3*f**3/2 + 9*f**2/2 - 45*f. What is the tens digit of m(r)?
5
Suppose 75 = 5*b + 5*f, 2*b + 3*f - 2*f - 27 = 0. Suppose 15*w = b*w + 222. What is the tens digit of w?
7
Let r be (6/(-18))/((-1)/156). Let z(q) = -r - 16*q**2 - 5*q - 30*q - q**3 - q**2 + 81. What is the hundreds digit of z(-15)?
1
Let b(o) = -2*o + 6. Let w be b(0). Let h = 1 - w. Let n(a) = 2*a**2 + 9*a - 2. What is the units digit of n(h)?
3
Let h(y) = y**2 + 3*y - 24. Let x be h(-6). What is the hundreds digit of x/9 + 3340/15 + 1?
2
Let n(q) = -18*q**2 - 6*q + 6. Let r be n(1). What is the units digit of (-9)/(r/652) - (5 + 0)?
1
Suppose b + 3*h - 11866 = 0, -5*h - 48065 + 720 = -4*b. What is the thousands digit of b?
1
Let o(u) = -1190*u - 200. What is the units digit of o(-2)?
0
Let s = -13 - -16. Let z(l) = -15*l**3 + 24*l**s - 10*l**3 + 2*l + 6 - 3*l**2. What is the tens digit of z(-4)?
1
Suppose j + 2*j = 5*j. Suppose j = y + 3*n - 54, -y - 5*n = -26 - 18. What is the units digit of y?
9
Let p = 649 - -6856. What is the units digit of p?
5
Let o(i) = i**3 + 33*i**2 - 80*i + 86. What is the thousands digit of o(-28)?
6
Let d be 3*(5/(-3) - -1). Let v be (-20 + 22)/(d/(-15)). What is the tens digit of 1908/15 + (-3)/v?
2
Let l(q) be the first derivative of -2/3*q**3 - 4*q + 4 - 1/4*q**4 - 1/2*q**2. What is the units digit of l(-3)?
8
Let f(r) = 7*r**3 + 12*r**2 - 16*r - 13. Let v(d) = d**3 + d. Suppose 31*o + 3 = 34*o. Let g(k) = o*f(k) - 6*v(k). What is the tens digit of g(-13)?
0
Let w = -2998 - -3783. What is the tens digit of w?
8
Suppose 25 = 5*t - 3*h, 2*h = 4*h. Let y(j) = 37*j**2 + 8*j - 54. What is the tens digit of y(t)?
1
Suppose 0 = -7*u + 15*u + 10*u - 812016. What is the tens digit of u?
1
Let y(q) = 5*q - 37. Let u be y(8). Suppose 3*t + 7*z = 10*z + 336, -4*t = -u*z - 447. What is the tens digit of t?
1
Suppose -2*q = 2*x + 90, 2*q + 82 + 12 = -x. Let l = q - -227. Suppose -l - 86 = -3*j. What is the tens digit of j?
8
Let k(v) = 7*v - 28. Let p(w) be the third derivative of -3*w**4/2 + 47*w**3/2 - 5*w**2. Let h(l) = 11*k(l) + 2*p(l). What is the units digit of h(8)?
4
Let u = 58 - 14. Suppose 4*o - 5*y - 4 + u = 0, o = 3*y - 10. What is the tens digit of 2/(o/(-625)) - -3?
2
Let c = 766 + 4431. Suppose -50 = -9*q + c. What is the hundreds digit of q?
5
Suppose 19*h - 3765 - 643 = 0. Suppose 4*r - h = 592. What is the hundreds digit of r?
2
Suppose -2*g + 9204 = 33*j - 28*j, -g - 1845 = -j. What is the tens digit of j?
4
Let t = -27400 + 40042. What is the tens digit of t?
4
Let y(w) = -179*w + 4373. What is the ten thousands digit of y(-105)?
2
Let u be (-37)/(-5) + 4/(-10). Suppose 0 = -u*d + 5*d - 4. What is the tens digit of d/(-4)*53*2?
5
Let t(i) = 18*i**2 + 5*i + 4. Let p(k) = k**3 - 6*k**2 - 12*k - 11. Le